?
True
Is (-16)/(-40) - (-141669)/15 a prime number?
False
Let b(d) = -53*d**3 - 2*d - 1. Is b(-2) a composite number?
True
Let b(g) = -g**3 + g**2 - g + 6. Let k be b(0). Let p be 47/2 - (-3)/k. Let c = p + -13. Is c a prime number?
True
Let v(r) = 16*r - 1. Let p be v(10). Is (-3)/(0 - 3/p) a prime number?
False
Suppose -3*b - 3 = 2*p, -4*p + 2*b = -3*b - 27. Let t = p + 316. Is t a prime number?
False
Let v = 187 - -72. Is v prime?
False
Let c = -25 + 27. Let g = 8 - 3. Suppose 0 = g*z + 4*n - 263, -2*n + 160 - 56 = c*z. Is z composite?
True
Let x be (1/2)/((-1)/(-56)). Let k = x - 9. Is k prime?
True
Suppose -4*b + 7703 = 5*l, -4*b - 4641 = -l - 2*l. Is l composite?
False
Suppose 0 = -0*v + 3*v - 9. Let o(f) = -2*f**2 - f**2 + 7*f**2 - 2 - f**3 + 2*f. Is o(v) a prime number?
True
Let r be ((-254)/3)/((-10)/(-45)). Is r/(-2)*(-6)/(-9) prime?
True
Let b(o) = 181*o**2 - o - 2. Let z be b(-2). Suppose -z = 7*w - 3*w. Let j = -68 - w. Is j prime?
True
Suppose -i = -2*y - 5, 3*y + 0 - 6 = -3*i. Suppose -5*f + 1638 = i*q + 307, -2 = -q. Suppose 0 = 4*h + h - f. Is h prime?
True
Let w = -64 - -116. Suppose h - 3*c = w + 213, 3*c + 6 = 0. Is h a prime number?
False
Suppose 2*d = 1 + 7. Let g be 10/d*(2 + 0). Suppose -g*k = 2*j - 70, j = -0*j. Is k prime?
False
Suppose -469 = -6*s + 425. Is s a prime number?
True
Let v be -2 + -1 + 10 + 3. Let s = 16 + v. Suppose -4*q + 51 = -l, -q - l - 7 = -s. Is q composite?
True
Suppose 9*l - 4*l + 30 = 0. Suppose z + 2*w = 10, 5*z + 0*w = 5*w - 10. Is (212/l)/(z/(-3)) a composite number?
False
Suppose -3*b + 4*c - 34 = 0, -3*c - 2*c - 10 = 0. Is (-3)/(-21) + (-2000)/b a prime number?
False
Suppose -4*a + 16 = -32. Is (-2*1 - a)*-1 a prime number?
False
Let l(h) be the first derivative of h**4/2 - 2*h**3/3 - h**2 - h - 1. Let z be l(-1). Let p(y) = -33*y - 4. Is p(z) composite?
True
Let c(b) = 4*b**2 + 2 + 5*b**2 + 4*b + 2*b**2 - 3. Is c(6) composite?
False
Let y be 3*-19*10/(-6). Let t = y + -58. Is t composite?
False
Suppose -w + 5587 = -3336. Is w composite?
False
Let r(p) = -p**3 - p - 1. Let l(i) = -2*i**3 - 4*i**2 - 9*i + 1. Let y(f) = -l(f) + 3*r(f). Let q be y(5). Is 47 + (-1 + q)/(-2) a prime number?
True
Let u(d) = 2*d**2 + 2*d - 13. Is u(-9) composite?
False
Let q = -800 - -1469. Is q composite?
True
Let y(a) = -4*a**3 - a**2 - 3*a + 5. Is y(-4) a composite number?
False
Suppose -9*a + 155 = -4*a. Is a composite?
False
Let h be 86/6 - (-8)/(-24). Suppose c = h + 45. Is c composite?
False
Let s = 1981 + 118. Is s prime?
True
Let i(o) = 28*o**2 + 12*o + 21. Is i(-8) prime?
False
Suppose -3*u - 2*g = -u - 1070, 1082 = 2*u - 4*g. Is u a prime number?
False
Suppose 10*f - 301 = 279. Is f a composite number?
True
Let y = 6 - 3. Suppose -y = 4*a + 1. Is (0 + 98)*a/(-2) composite?
True
Let y(l) = -l**2 - 1. Let h be y(1). Is 3/6*h*-19 prime?
True
Let v(c) = -11*c**2 + 2*c + 10. Let o(a) = 10*a**2 - 3*a - 11. Let x(z) = -4*o(z) - 5*v(z). Is x(5) composite?
False
Let j = 5494 + -2787. Is j composite?
False
Suppose 5*f = 4*f. Suppose 0 = v - f*v - 81. Suppose -g + 21 = -2*l, -4*g + 7*l = 2*l - v. Is g a prime number?
True
Let f(i) be the third derivative of i**6/120 - 2*i**5/15 + i**4/24 - 5*i**3/6 + 4*i**2. Is f(8) prime?
True
Suppose 5*w - w + 228 = 4*m, 5*w - 45 = -m. Let x = 36 + -52. Let c = m + x. Is c prime?
False
Suppose -2*p - 168 = -4*p. Let y = p + 107. Is y prime?
True
Suppose -3*u = 32 - 260. Suppose 12*q = 8*q + u. Is q composite?
False
Suppose -n + 911 = 5*m, 2*n = -5*m + 143 + 769. Let l = m + -71. Is l a composite number?
True
Suppose -2*f - 8 = 2*h, -3*h = -2*f - 5 - 3. Suppose -3*k = -2*v + 415, h*v - 4*k - 414 = -2*v. Is v composite?
True
Suppose 0 = 11*p - 2*p - 4023. Is p a prime number?
False
Suppose n + f + 4*f - 541 = 0, 0 = -3*n + 3*f + 1659. Is n prime?
False
Let c = -5 + 5. Suppose -5*y + 3615 - 635 = w, 2955 = 5*y - 4*w. Suppose c*r = 5*r - y. Is r composite?
True
Suppose -4*i + i = -5*l + 1658, -4*i = 5*l - 1651. Is l a prime number?
True
Suppose -72 = 2*i - 3*i. Suppose 0 = 2*y + 5*v - 34 - i, -y = v - 53. Is y composite?
False
Let w = 651 - 272. Is w prime?
True
Let l be (6/(-4))/((-6)/8). Let q(c) = -c + 2. Let a be q(l). Suppose -x + 2*z = -a*z - 14, 3*z = 0. Is x prime?
False
Let a = 3 - 3. Suppose a = 3*d - d. Suppose d = r - 21. Is r a prime number?
False
Let s = 10 - 17. Let m(v) = 4*v - 5. Let q be m(s). Let f = q + 112. Is f composite?
False
Suppose 2*l + 36 = 2*g, -2 - 19 = -g + 2*l. Suppose 2*u = -u + g. Suppose 3*k - 2*t = 2*t + 9, -u*k = -3*t - 15. Is k prime?
True
Let k be 17/(0 - 1) + -3. Suppose 2*t - t = 87. Let h = t + k. Is h composite?
False
Suppose -932 = -2*a + 366. Is a prime?
False
Let v(u) = -u**3 - 6*u**2 - 5*u + 14. Let b be v(-10). Let o = b + 7. Is o a composite number?
True
Let x(w) = -51*w + 1. Is x(-12) composite?
False
Let j = -4 - 0. Let d(k) = k**2 - 4*k + 2. Is d(j) a composite number?
True
Let y(h) = -h**3 - 5*h**2 - 6*h + 7. Let g(f) = f**2 + 10*f + 9. Let t be g(-9). Suppose -k + 2*v + t*v = 15, -45 = 4*k - 5*v. Is y(k) prime?
True
Let a = 2328 + -209. Is a composite?
True
Let s = 11 + -13. Let y(b) = b - 3. Let m be y(5). Is (3 - 157/s)*m composite?
False
Let i = -2329 + 4223. Is i a prime number?
False
Is (3 - -1) + 254 + 4 prime?
False
Let a(h) = 14*h - 7. Let c be a(-5). Suppose -109 = -2*x + 155. Let i = x + c. Is i prime?
False
Let k(j) = -j + 13. Let q be k(10). Suppose 354 = 3*h - q*x - 102, 15 = -5*x. Is h composite?
False
Suppose 90 = 5*k - 0*k. Let y be ((-1)/(-2))/(3/k). Suppose 44 - 203 = -y*d. Is d composite?
False
Let i = 4 - -9. Is i a prime number?
True
Let m be (-24)/9*6/4. Let x(c) = c**3 + 8*c**2 + 3*c + 1. Is x(m) composite?
False
Is (1255/5 - -3) + -1 a composite number?
True
Let z = 108 + -5. Is z prime?
True
Let b(g) = 3*g - 21. Let n(a) = -a + 10. Let o(w) = 3*b(w) + 7*n(w). Let v be o(-7). Let r = 50 + v. Is r composite?
False
Suppose 2*i = j - 1751, 4*i - 7*i = j - 1766. Is j a prime number?
False
Let b be 2 + -2*(-9)/(-6). Let w = b - -8. Suppose -q + w = -4. Is q prime?
True
Let j = 401 - 210. Is j a prime number?
True
Let g(j) = j**3 - 8*j**2 + 3*j + 1. Let m be g(6). Suppose -96 = -d - 10. Let k = d + m. Is k a composite number?
True
Let j be (-2)/6 - (-44)/(-12). Is ((-17)/j)/((-3)/(-84)) prime?
False
Let h(i) = 119*i**2 + i - 1. Suppose 3 = 5*l - 2. Is h(l) composite?
True
Let y(d) = -d**3 + 3*d**2 + 4*d + 2. Suppose 4*v = f + 3*f + 20, -3*v = -f - 13. Let b be y(v). Suppose -b*a = -a - 14. Is a a composite number?
True
Let r = 2167 - 1250. Let c = r + -641. Suppose 3*q - 15 - c = 0. Is q composite?
False
Let z(m) = -m**3 + 7*m**2 - 5*m - 2. Let j be z(6). Suppose -q - 269 = -3*w, 5*q - q - 348 = -j*w. Is w prime?
True
Suppose o = 44 - 200. Let m = -79 - o. Is m a composite number?
True
Suppose -3*m + 15 = 2*j - 3*j, -2*j = 2*m - 10. Let s be 1/(-3) + 2126/6. Suppose 2*t - s + 100 = j. Is t a composite number?
False
Let z be 15777/117 + 2/13. Suppose -2*a + 541 = z. Is a composite?
True
Let d = 2637 + -1102. Is d a prime number?
False
Suppose -l - l = 3*p - 1180, -2*l + 3*p + 1168 = 0. Is l a composite number?
False
Let t(c) = -c**2 + 3*c + 4. Let k be t(3). Suppose 3*u - k*u = 45. Let j = 52 - u. Is j a prime number?
True
Let o(h) = -h**2 - 11*h - 2. Suppose 5*m = -32 - 8. Is o(m) composite?
True
Let g(l) = 192*l - 1. Is g(1) composite?
False
Let u be (4/6 - 1)*-21. Let w = u - 3. Suppose 0 = -w*x + 185 + 75. Is x prime?
False
Let h be (3 + -2)/(2/46). Suppose -4*l = -1 - h. Is l composite?
True
Let m = 17 - 14. Suppose 4*r - 662 = 5*v, 7*r + v = m*r + 650. Is r composite?
False
Is (-10)/(-15)*1329 - 3 a prime number?
True
Let v = -4 + 7. Suppose 220 = v*q + q. Is q a prime number?
False
Let k(h) = 35*h + 6. Is k(7) a composite number?
False
Suppose -11*w - 2618 = -2*l - 7*w, 0 = 3*w - 15. Is l a composite number?
False
Suppose 2*g - 106 = v, 5*g - 3*v = -2*v + 265. Is g a composite number?
False
Is 3/9*3*1577 a composite number?
True
Suppose -8*b + 4*b = -3916. Is b a composite number?
True
Suppose -9 + 1 = -2*x. Let b be 3 + 0/(4 + -2). Suppose v - 37 = -y - b*v, 137 = x*y + 5*v. Is y composite?
True
Suppose 0 = 5*n - 2*i, 0 = -2*n + 5*n + 2*i - 16. Suppose 4*p = -5*v + 446 - 144, n*v = -p + 122. Is v p